4. Let z be -3 + j - -3*1. Let d = z + 25. List the prime factors of d.
17
Suppose 31 = 3*o - 50. Suppose -3*t + o = -0*t. List the prime factors of t.
3
Let i(o) = 2*o**3 - o**2 - 2*o - 3. What are the prime factors of i(3)?
2, 3
Let k(b) = b**2 - 4*b + 7. What are the prime factors of k(3)?
2
Let h = 19 + -14. Let m = 2 - -1. Suppose 5*l - 23 = -o - m*o, 5*o - h*l - 40 = 0. What are the prime factors of o?
7
Let a(g) = 9*g + 6. Let b be a(6). Let m = -3 - -8. Suppose z = m*z - b. What are the prime factors of z?
3, 5
Let c(b) = b - 8. Let f be c(7). List the prime factors of (0 - f)/((-8)/(-296)).
37
Let k = 83 + -55. Let r = -12 + k. List the prime factors of r.
2
Let z be 42/(-15) - (-2)/(-10). Let c = 5 + z. Suppose m - c*m + 9 = 0. What are the prime factors of m?
3
List the prime factors of 3/6 + (-46)/(-4).
2, 3
List the prime factors of (-867)/(-18) + (-1)/6.
2, 3
Let y(i) = i**3 + 4*i**2 - 4*i + 3. Let t be y(-4). Suppose 2*r = 3*r - 4*b - 33, 0 = 3*r + 4*b - t. List the prime factors of r.
13
Suppose 0 = 2*g - 0*g - 2*j - 48, 3*j - 6 = 0. Let t be (-2)/4*g/(-1). Let u = t + -2. List the prime factors of u.
11
Suppose 8*t = -5*z + 3*t + 10, 5*t = -4*z + 8. List the prime factors of ((-434)/21)/(z/(-3)).
31
Suppose 5*y = -m + 1076, 0*y - 4*m - 448 = -2*y. What are the prime factors of y?
2, 3
Let q = -30 - -89. List the prime factors of q.
59
Let b be 1/(0 - (-2)/42). Let a = -6 - 5. Let m = b + a. List the prime factors of m.
2, 5
Suppose 5*l - 5 = 4*z, l + 24 = 4*z + 9. Suppose -j - 84 = -z*j. List the prime factors of j.
3, 7
Let m = -19 + 15. List the prime factors of 9/3*(13 + m).
3
Suppose -4*u = p - 4*p + 39, -4*u - 4*p = 60. Let r = 19 + u. What are the prime factors of r?
7
Let y(r) = -2*r - 7. Let i be y(5). Let d be (-2)/6 + i/3. What are the prime factors of (-4)/d - 102/(-9)?
2, 3
Suppose u + 2*u - v = 463, 3*u = -3*v + 483. What are the prime factors of u?
2, 3, 13
List the prime factors of (-3 + 93)*8/20.
2, 3
Suppose -q - 442 = -2*b, 442 = 2*b - 5*q + 8*q. What are the prime factors of b?
13, 17
Suppose -2*p - 54 = -5*p + x, 5*p = -4*x + 90. Suppose -p*j = -23*j + 130. What are the prime factors of j?
2, 13
Suppose -n + 9 - 3 = 0. Let j(w) = -w + 8. What are the prime factors of j(n)?
2
Let m = -10 + 13. What are the prime factors of 2 - ((-9)/m - 19)?
2, 3
Suppose 0 = -3*b - 21 - 6. List the prime factors of (-214)/(-6) - 3/b.
2, 3
List the prime factors of 87/7 - (-12)/21.
13
Let x(y) = -12*y**3 + 3. What are the prime factors of x(-2)?
3, 11
Let c(y) = -y**3 + 7*y**2 - 2*y - 5. Let q be c(4). Suppose j = -4*j + q. What are the prime factors of j?
7
Let c = 36 + 27. List the prime factors of c.
3, 7
Let m be (0/(2 - 0))/1. Let t be 5/(100/45)*4. Suppose 4*a = 5*f - 115, t*f - 4*f - a - 100 = m. List the prime factors of f.
19
Let w(f) = f**3 - 4*f**2 - 4*f - 1. Let h be w(5). What are the prime factors of 1/(-2) + 34/h?
2
Let f(z) = -z + 1. Let u(q) = 1. Let r(k) = 3*f(k) - 7*u(k). Suppose 2*b + 6 = -0*b. List the prime factors of r(b).
5
Let z = 11 - 10. Let v(c) = 4*c + 2. List the prime factors of v(z).
2, 3
Let y(p) = 2*p**3 - 4*p**2 - 13*p - 4. List the prime factors of y(7).
5, 79
Let p = 3 - -48. Suppose -7*v + p = -4*v. List the prime factors of v.
17
Let c = 7 + -25. Let w be (c/8)/(4/16). List the prime factors of 2/w + (-130)/(-18).
7
Suppose -g = -4 - 0. Suppose -g*i + 16 = -2*i. What are the prime factors of i?
2
Let x = 155 - 63. List the prime factors of x.
2, 23
Let d(k) = k**3 + 8*k**2 - 3*k - 10. Let t(w) = w**2 - 12*w + 3. Let z be t(11). What are the prime factors of d(z)?
2, 7
Suppose -2*f + 5*d - 146 = -5*f, -4*f + 152 = -4*d. What are the prime factors of f?
2, 3, 7
Suppose 5*b - 2*b - 11 = n, n + 9 = 2*b. Let h(c) = 2*c**2 + 2*c. What are the prime factors of h(b)?
2, 3
Let a be (-2 + -8)/(1 - 2). Suppose 3*g - 15 = 6*g, 40 = 4*s - 4*g. Suppose l + 0*k = s*k + a, 0 = -5*l + 4*k + 29. List the prime factors of l.
5
Suppose 1 = 3*d - 29. List the prime factors of -3*(-3)/9*d.
2, 5
Let z(g) = -g**3 - 6*g**2 - 6*g - 5. Let k be z(-5). Suppose k = a - 4*a + 15. Suppose 2*i + 34 = a*q, -3*q + 6*q - 18 = 2*i. List the prime factors of q.
2
List the prime factors of 2*-1*(4 + -41).
2, 37
Let s(n) = 12*n**2 + n + 1. Let d be s(2). Let m = d - -15. List the prime factors of 8/(-20) - m/(-15).
2
Let l = -28 + 61. What are the prime factors of l?
3, 11
Let b = 23 - 5. Let x be (-3 + 9)/(3/(-4)). Let y = x + b. What are the prime factors of y?
2, 5
Let v = -69 - -96. What are the prime factors of v?
3
Let n(m) = m**3 + 7*m**2 - 2*m - 9. Let q be n(-7). Suppose 90 = q*j + 5*c, j + 0*c + 2*c - 23 = 0. What are the prime factors of j?
13
Suppose 2*a + a = -3*w + 9, 5*w + 2*a = 3. Let j(k) = k**3 + 12*k**2 + 14*k - 9. Let z be j(-11). List the prime factors of z/(-4) + w/2.
2, 5
Suppose 5*i = 4*a - 872, 2*a = i + 76 + 360. List the prime factors of a.
2, 109
Let k = 9 + -5. Suppose -k = h - 5*f, h - 14 = -3*h + 5*f. What are the prime factors of 3 - 9/h*-2?
2, 3
Let p = 6 - 4. Suppose 2*g = s - 1, -4*g - p*s + 8 = -2*g. Let v = g + 3. List the prime factors of v.
2
List the prime factors of ((-2)/4)/(11/(-3014)).
137
Let t be 8*4 + 0 + -1. Let h = t - 15. Suppose 2*v - 4*c = 26, -2 = 2*v - c - h. List the prime factors of v.
5
Suppose 205 = 4*q + 53. What are the prime factors of q?
2, 19
Let t(l) = -l - 3. Let g be t(0). Suppose 5*r = -0*r + 75. List the prime factors of 72/10 + g/r.
7
Suppose 157 = o + 45. Suppose -4*r - 2*u = 3*u - 234, 2*r - o = -5*u. Suppose 5*w - 9 - r = 0. What are the prime factors of w?
2, 7
Let p(f) = f + 2. Let q be p(8). What are the prime factors of q/(-25) + 127/5?
5
Let v be 2*(-1)/(-1)*-1. Let t(a) = -a - 9. Let m be t(-10). What are the prime factors of 6 - (m*v - -4)?
2
Suppose 0 = 2*w - 7*w. Suppose w = -2*m + 4*k, 0 = -0*m - 2*m - k + 15. List the prime factors of m.
2, 3
Let r = 5 - -1. Let n(j) = -1 + 1 - 4*j + 4 + j**2. List the prime factors of n(r).
2
Suppose -y + 11 = -243. List the prime factors of y.
2, 127
Suppose 5*c = 23 - 8. Suppose -7*z = -c*z - 48. Suppose -y + 0*y = 5*s - 25, 4*s = z. List the prime factors of y.
2, 5
Let k(w) be the second derivative of -w**5/20 - 7*w**4/12 - w**3/2 - 9*w**2/2 - 2*w. What are the prime factors of k(-7)?
2, 3
Let a = 8 + -8. Suppose u + a*u = 41. What are the prime factors of u?
41
Let b(c) be the first derivative of 4/3*c**3 + 0*c**2 - 1/4*c**4 + 2 + 2*c. What are the prime factors of b(4)?
2
Let m be ((-12)/(-20))/(1/15). Let g(t) = -t**3 + 8*t**2 + 11*t - 10. List the prime factors of g(m).
2
Suppose 5*o - 6 = -1. Let u(m) = 14*m + 2. What are the prime factors of u(o)?
2
Suppose -5*r = 4*d + d + 20, 3*r - 20 = 5*d. Suppose -q + 0 + 4 = r. What are the prime factors of q?
2
Let u = -874 + 1243. List the prime factors of u.
3, 41
Suppose -4*o = -70 - 30. List the prime factors of o.
5
Let z = 225 + -71. List the prime factors of z.
2, 7, 11
Suppose -3*g = -0*g - 9. Suppose l - b + 6 = 3*b, 8 = l + g*b. Suppose 9 = c + c + p, -l*p + 23 = 5*c. List the prime factors of c.
5
Let k(m) = m**2 + 6*m - 2. What are the prime factors of k(4)?
2, 19
Suppose 11 + 1 = 4*i. Suppose i = -4*y + 87. List the prime factors of y.
3, 7
Suppose -5*i = 27 + 18. Let t = i - -11. Suppose -t*g - 6 = -22. List the prime factors of g.
2
List the prime factors of 132/2*(0 - 2/(-2)).
2, 3, 11
Let m = 3 - 3. Let s(k) = -k**2 + k. Let l be s(m). Suppose l = x - 5*v - 1 - 17, -3*v = 5*x - 34. What are the prime factors of x?
2
Let l be 14/6 - 4/(-6). Let d(a) = 2*a + 1. List the prime factors of d(l).
7
Suppose 0 = a - 3*a - 30. Let q = a - -11. List the prime factors of (1*-1)/(1/q).
2
Let y be -5 - -1 - (1 - 2). Let m = 1 - y. Suppose -g - 3*q = -20, 19 = -2*g + m*g - q. What are the prime factors of g?
11
Let n be (-27)/36 - 118/(-8). Suppose -2*t - x - 4*x = -27, -2*x + 36 = 2*t. List the prime factors of 90/t - 4/n.
2
Let k(h) = -h**2 + 5*h. Let j be k(4). Suppose j*c - 60 = -5*v, 3*c = 7*c. Suppose -v - 8 = -4*i. What are the prime factors of i?
5
Let a(v) = -v + 3*v + 15*v**2 + 1 + 1 - 5*v. List the prime factors of a(1).
2, 7
Let l be (-47)/7 + 4/(-14). Let q be (-6)/21 + (-23)/l. Suppose -q*u - j + 0*j = -25, -4*u = j - 35. List the prime f